+ 4*v. Give l(y).
0
Let u(j) = j**3 + 5*j**2 + 3*j + 1. Let p be u(-4). Let a(r) be the second derivative of -r**3/3 - 3*r**2 - 8*r. What is a(p)?
-16
Let b(j) be the second derivative of -j**3/3 + 3*j**2 - 13*j. Give b(6).
-6
Let f(t) = t**3 - 15*t**2 - 17*t + 17. Let r be f(16). Let y(q) = 4 - r - 6*q + 4 - q**2. Calculate y(-6).
7
Let y(u) be the first derivative of -3 + 1/4*u**4 + u**2 + 2*u**3 - 5*u. Calculate y(-5).
10
Suppose -5*h + 29 = 2*m + 4, -2*h - 14 = -4*m. Let c(k) = -3*k**2 + 3*k + 3. Give c(h).
-15
Let k be 4/(-16) + 21/4. Suppose k*t = -2 + 12. Let h(d) = -d**3 - 2 + d**t - 2*d + 3 + 4*d - 2. Calculate h(-2).
7
Let j(n) = -n + 7. Let x = 29 + -24. Determine j(x).
2
Let l(q) = -2*q - 1. Let d = 5 + -1. Calculate l(d).
-9
Let h be -8 + (-4)/1 + 4. Let k(l) = -l**3 - 7*l**2 + 9*l + 12. What is k(h)?
4
Suppose 30 = -r - 5*v, 3*r + 3 = -5*v - 37. Let w(t) = 0*t - 3*t**3 - 4 - 5*t + 4*t**3 + 4*t**2. What is w(r)?
-4
Let s(j) = j - 1. Let i(x) = 4*x - 9. Let t(b) = i(b) - 5*s(b). Let o be (-1 + 1)*(0 - -1). What is t(o)?
-4
Let n(u) = -u**2 + 3. Suppose 2*s - 6*s = -12. Let x = 12 - 6. Let m = x - s. What is n(m)?
-6
Let u(q) = -q - 4. Let z be (4/(-12))/((-1)/18). Calculate u(z).
-10
Let z(v) = 3*v - 1. Let i(m) = -m**2 - 7*m - 4. Let t be i(-6). Suppose -t*h + 44 = -0*h. Suppose 0 = -3*l + 4*k - h, -4*l - 15 + 3 = -k. Determine z(l).
-7
Let k be 2*(-1)/(-2)*0. Let z = -5 - k. Let n(o) be the second derivative of o**4/12 + 4*o**3/3 + 5*o**2/2 - 270*o. What is n(z)?
-10
Let f(w) = -3*w**2 - 3*w - 2. Let d(v) = -v**3 - 4*v**2 - 5*v - 4. Let s be d(-2). Determine f(s).
-8
Let b(s) = -s**2 - 4*s - 3. Suppose 3*t + 1 = 5*h - 3, 0 = -3*h + 5*t - 4. Suppose -28 = 4*z + 3*n, -z + n - h*n - 8 = 0. Calculate b(z).
-3
Suppose 5 = k + 3*d - 7, -3*d + 12 = -k. Let b(o) be the second derivative of 0*o**2 - 2*o + 1/10*o**5 - 1/3*o**3 + k + 1/12*o**4. What is b(-2)?
-8
Let u(c) be the first derivative of -c**4/4 - c**3 + 2*c**2 - 3*c - 1. Suppose 4*f + 3*b + 19 = 0, -2*f - 5*b = 3*f + 25. Calculate u(f).
-3
Let j(b) = -b**3 - 5*b**2 + 5*b - 4. Suppose -42 = 5*t + 3*r, -2*r + 3*r = 2*t + 8. What is j(t)?
2
Suppose -p - 9 = 2*x - 5*x, p = -2*x + 6. Let r(s) = s - 7*s + p*s + 2*s. What is r(-3)?
12
Let a(v) = 3*v - 23. Let i(q) = q - 8. Let n(y) = -6*a(y) + 17*i(y). Calculate n(4).
-2
Let i(q) = -7*q**2 - q. Let c be i(-1). Let n(u) = u - 1. Let v(r) = -r**2 - 11*r + 10. Let f(k) = 6*n(k) + v(k). What is f(c)?
-2
Let c be ((-2)/(-4))/((-1)/(-4)). Suppose -2*y - c = -0*y. Let l(t) = -3*t**3. Let g be l(y). Let m(r) = 2*r. What is m(g)?
6
Let x(h) = 3*h - 3*h + 6*h**2 - 1. Let g(a) = a**2 - 6*a + 6. Let l be g(5). Let c = -2 + l. Give x(c).
5
Let h(a) = -a - 13. Let z be h(-9). Let u(v) = 3*v - 1. Give u(z).
-13
Let n(t) be the second derivative of 1/6*t**3 - 2*t + 0 + 3*t**2. Determine n(-3).
3
Let z(o) = -o. Let x(r) = 7*r. Let h(a) = -x(a) - 6*z(a). Let j be (-1)/(-1)*(2 - 7). What is h(j)?
5
Suppose -g = -5*g + 12. Let k(w) = w**2 - g - 3*w + 2*w**2 - 4*w**2. Let n be (-1)/(-1)*8/(-2). Give k(n).
-7
Let l(q) be the first derivative of -q**2/2 + q - 5. Let f be (-1)/(-1) - (0 - 1). Calculate l(f).
-1
Let x(f) be the first derivative of f**4/4 - 2*f**3 + 5*f**2/2 - 6*f - 1. Let y be x(5). Let q(k) = -2*k - 6. Calculate q(y).
6
Suppose 3*k + 10 - 3 = 5*m, 4*k + m + 17 = 0. Let u(n) = -6*n + 1 - n**2 - 6 + 3. Calculate u(k).
6
Let q(y) = y**2 + 5*y + 4. Let n be ((-12)/(-20))/((-2)/(-10)). Let h = n + -10. Let i(g) = g**3 + 7*g**2 - 3. Let a be i(h). Give q(a).
-2
Suppose 4*q = 2*y, -7 = -5*q - y - 0. Let p = q - -10. Let w(d) = -5 + d - 12*d**3 + p*d**3 + 0*d + 4*d**2. Calculate w(4).
-1
Let d(x) be the second derivative of x**4/12 - x**3/6 + 35*x. What is d(-3)?
12
Let v(j) be the first derivative of -2*j**3/3 + j**2/2 + j + 8. What is v(-1)?
-2
Let s = -4 + 6. Suppose 6 = -s*b - b. Let l(w) = 2*w**2 + 2*w - 2. Give l(b).
2
Suppose -6 = 2*k + 4*c, 4*c + 14 = 2*k - 4. Suppose -2*o + 7 = -l, -3*l - 2 = k*o + 10. Let m(z) = 3*z**3 - z**2 + 1. Give m(o).
3
Let j(v) = -v**2 + v + 1. Let o(q) = -q**2 + 6*q + 6. Let l = -21 - -27. Let w(i) = l*j(i) - o(i). Calculate w(1).
-5
Let y = -109 + 106. Let f(d) = -d**3 - 2*d**2 + 2*d - 3. Calculate f(y).
0
Let c be (-2 - 0)/(2/3). Let p(g) = -g**2 - 9*g - 2. Let u(i) = 2*i**2 + 21*i + 3. Let l(n) = -5*p(n) - 2*u(n). What is l(c)?
4
Let a(s) = -2*s - 8. Let f be (-1)/(-1)*7*-1. Suppose 0 = -5*p - 4*h - 81, 3*h - 40 = 5*p - p. Let o = p - f. Determine a(o).
4
Suppose 0 = -4*u + 4*g + 1 - 13, 22 = -2*u - 2*g. Suppose -2*r + 4*o = -10, 4*o = -2*r + 3*r - 15. Let w = r - u. Let s(v) = -v + 1. Determine s(w).
-1
Let x(o) be the second derivative of -o - 3*o**2 - 1/20*o**5 + 0 - 7/12*o**4 + 0*o**3. Determine x(-7).
-6
Let o(v) be the second derivative of -v**4/6 + 2*v**3/3 + v**2/2 + 33*v. Calculate o(5).
-29
Let t(z) = z**2 + 5*z - 2. Let a be t(-6). Let v be ((-3)/3)/1 - a. Let d(j) = -j**3 - 5*j**2 + 3*j + 6. Determine d(v).
-9
Let n be -3*(-11)/(11/2). Let i(v) = -2*v + 8. Give i(n).
-4
Let l(h) = -h**3 - 3*h**2 + h + 3. Let n be l(-2). Let d = -5 - n. Let o(a) = a + 2. Determine o(d).
0
Let r(l) = l**3 + 5*l**2 + 4*l + 4. Suppose -56*p - 12 = -52*p. What is r(p)?
10
Suppose -7 = -i + m, 5*m + 7 + 22 = 3*i. Let t(j) = j**2 - 4*j - 2. Let c(k) = 5*k**2 - 19*k - 9. Let l(q) = 2*c(q) - 11*t(q). What is l(i)?
13
Let d = -8 - -12. Suppose 0 = -0*t - d*t + 48. Suppose -5*o - t = -o. Let m(y) = y**3 + 3*y**2 + 2*y - 1. Determine m(o).
-7
Let g be 1/(-2) - (-9)/2. Let q(w) be the first derivative of w**4/4 - 4*w**3/3 - 4*w + 2. Determine q(g).
-4
Let c = -3 + 6. Suppose -c*l = -5*l. Let u = -4 - l. Let j(z) = -z**3 - 5*z**2 - 3*z + 4. Give j(u).
0
Suppose -5*l + 7 = 22, 0 = t - 3*l - 11. Let j(z) = 6*z**t - 2*z - 7*z**2 + z + 0*z. Give j(0).
0
Let g(i) = 2*i**2 - 3*i - 2. Let b(c) = -c**3 - c**2 + 2*c + 3. Let p be b(-2). Suppose p*z + 2*n + 7 = 0, z - n = -4*n. Let q be 2/(z*(-6)/27). What is g(q)?
7
Let r(s) = -37 + 52 - 24 - s - s. Determine r(-7).
5
Let n(q) = -q**2 + 9*q - 6. Let i be n(8). Suppose -24 = 4*v + 2*y, i*v - 3*y = 3 + 1. Let z(s) = -s**2 - 3*s - 1. Give z(v).
-5
Let q(n) = -6*n**2 - n + 3. Let f(v) = v**2 - 1. Let p(s) = 5*f(s) + q(s). Calculate p(-4).
-14
Let h(z) be the third derivative of -z**6/120 - 2*z**5/15 - z**4/3 + z**3/2 - 8*z**2. Determine h(-7).
10
Let k(v) be the first derivative of v**4/4 + v**2/2 + 2*v + 1. Let h(o) = 2*o - 10. Let l be h(5). Let c be (-1 + 3 - 3)*l. Calculate k(c).
2
Let i(x) = x**3 + 13*x**2 + 11*x - 10. Let a be i(-12). Let z(d) = 4*d + 2. Let n(p) = 4*p + 1. Let s(m) = a*z(m) - 3*n(m). Give s(-1).
5
Let d be (-1)/(-3) + 24/9. Let p be 4 - 1/d*0. Let b(j) = 1. Let w(l) = -l**2 + 4*l + 5. Let s(m) = -5*b(m) + w(m). What is s(p)?
0
Let k(p) = 6*p**2 + 6*p - 7. Let n(m) = -m**2 - m + 1. Let f(z) = -k(z) - 5*n(z). Let v(j) = -j**3 + j + 3. Let l be v(0). Suppose -l*h = h + 12. What is f(h)?
-4
Suppose 0 = -2*p + 11 - 15. Let s(o) = -o + 2. Determine s(p).
4
Suppose 11 = 3*i - 0*i - m, 3*i - 4*m - 26 = 0. Let j(z) = -1 + z - 2*z**2 + 2*z + 3*z**i + 2. What is j(-1)?
-1
Let m(x) be the second derivative of -x + 0*x**4 + 1/60*x**5 + 1/3*x**3 + 0*x**2 + 0. Let l(u) be the second derivative of m(u). Give l(2).
4
Let w = 40 - 45. Let t(v) = v**3 + 6*v**2 + 5*v + 5. Calculate t(w).
5
Suppose -5*j + 11 + 14 = 0. Let z(i) = 3*i - 5. Determine z(j).
10
Let p(d) = -6*d**2 + 6 - 1 - 2*d**2 + 7*d**2. Give p(0).
5
Suppose -3*h + 9 = -0*h. Let x(l) = -3*l - 1. Let s(t) = 9*t + 3. Let r(b) = -3*s(b) - 8*x(b). What is r(h)?
-10
Suppose -2*g = 19 - 3. Let o = -2 + 13. Let u = g + o. Let t(z) = 2*z - 3. Determine t(u).
3
Suppose l + 4*l = -3*m + 16, -2*l = 2*m - 8. Suppose l*n = n. Suppose n = 2*j - j - 4. Let u(f) = f**2 - 3*f - 5. Give u(j).
-1
Let h(u) = u**3 + 3*u**2 - 2*u + 1. Let q(n) = -n + 3. Let o be q(-3). Let a(b) = b**3 - 6*b**2 - 2*b + 9. Let t be a(o). Give h(t).
7
Let k(j) = j**2 - 9*j + 3. Suppose u - 6*u = -45. Give k(u).
3
Let s(u) = 3*u - 1. Suppose -1 = 3*r + 17. Let g = r - -7. What is s(g)?
2
Let a(p) = 5*p - 6. Let d(g) = 11*g - 11. Let u(i) = -9*a(i) + 4*d(i). Determine u(5).
5
Let x(m) = 1. Let z(f) = f - 6. Let l(p) = 6*x(p) + z(p). Calculate l(4).
4
Let s be 6/9*3 